 be the third derivative of -v**5/15 + v**4/24 + v**3/6 - 2*v**2. Give r(a).
-4
Let f(a) = -a**2 + 3*a - 4. Suppose -7 - 8 = -3*s. Suppose 4*m = -5*q + 40, s*q + 0*q + 20 = 0. Suppose 3*w - h - 9 = 0, 3*h = -5*w + 2*h + m. Calculate f(w).
-4
Let u(y) = y**3 + 4*y**2 + 2*y - 1. Let s(p) = 3*p + 25. Let i be s(-15). Let t be ((-4)/3)/(i/(-30)). Determine u(t).
3
Let y = 15 - 8. Suppose 4*x = c - y, -5*c - 15 = -2*c. Let w be 1/(10/3 + x). Let i(q) = 2*q - 4. Calculate i(w).
2
Let y(t) be the first derivative of -t**2 + 7/3*t**3 - t - 9. Give y(-1).
8
Let u = -360 - -358. Let q(o) = -6*o**2 - o - 2. Calculate q(u).
-24
Let z(j) = -3*j - 37. Let i(x) = 9*x + 205. Let v be i(-24). Give z(v).
-4
Let w(x) = -12*x**3 + 4*x + 14*x**3 + 3 - 2*x**2 - 2 - 7*x - 4. Calculate w(3).
24
Let x(q) = 16*q**2 + q + 0*q - 15*q**2 - 3 + 4*q. Let b(d) be the first derivative of -d**2/2 + d + 3. Let r be b(6). What is x(r)?
-3
Let l(i) = i**3 - 7*i**2 + 6*i + 5. Let c(m) = m - 7. Let a be (-687)/33 + 2/(-11). Let k be (-12 - a)/(6/8). Let r be c(k). What is l(r)?
-15
Suppose 9*j - 4*j - 70 = -5*o, 4*j - 2*o - 26 = 0. Suppose 3*z + 3 = 0, -2*x + 3*z - 7 - 2 = 0. Let m = j + x. Let d(t) = 3*t - 3. Give d(m).
6
Let j(o) = -21*o - o**2 - 18*o - 28 + 16 + 48*o. Give j(6).
6
Let o(f) = -f - 1. Suppose l - 4 = -5*k, 16*k - 16 = 13*k - 4*l. What is o(k)?
-1
Let i(p) = 11*p**2 + 7*p + 14. Let z(d) = 3*d**2 + 2*d + 4. Let k(h) = 2*i(h) - 7*z(h). Let y = 4 + -1. Give k(y).
9
Let s(w) = -w**3 - w**2 + w + 2. Let v = 41 + -21. Suppose -4*b - 25 = b, -2*u - 4*b = v. Calculate s(u).
2
Let j(c) be the third derivative of c**4/24 - c**3/6 + 3*c**2. Let p be -4 + (2 - (-2 - 19)). Let u = p - 17. Determine j(u).
1
Let x(z) = -z + 3. Let q(m) = 133*m**3 + 2*m**2 + 4*m + 2. Let v be q(-1). Let h = -133 - v. Determine x(h).
3
Let q(f) = -f**2 + f. Suppose -9 = -y + 4*b, -4*y - 45 = -9*y + 2*b. Let o = y + -9. Suppose 0 = -o*m - 5*m - 10. What is q(m)?
-6
Let w(i) = -5*i**2 + i + 2. Let s(j) = -j**3 - 11*j**2 - 8*j + 21. Let u be s(-10). Let r be ((-4)/(-12))/(u/(-6)). Give w(r).
-20
Let l(t) = -t**3 + 3*t**2 + t - 4. Let q be 12/(-10)*(-385)/154. What is l(q)?
-1
Let p(k) = -6*k - 13. Let w(z) = 11*z + 18. Let c(j) = 7*p(j) + 4*w(j). Calculate c(7).
-5
Let c(b) be the second derivative of 27*b - 1/2*b**2 + 0 - 1/2*b**3. Calculate c(-4).
11
Suppose 2 = -2*r - 6. Suppose -2*v = 2*v - 8. Let p(s) = 16*s**v + 4 + 18*s**2 - 33*s**2 + 3*s. Determine p(r).
8
Let m(k) be the first derivative of 4*k**3 - k**2/2 + 167. Calculate m(-2).
50
Let m(r) be the third derivative of 15*r**2 - 5/6*r**3 + 0*r + 0 - 1/8*r**4 + 1/60*r**5. What is m(6)?
13
Let z(p) be the third derivative of -p**6/120 + p**5/12 - p**4/6 - 7*p**3/6 + p**2. Suppose 7*g + 235 = 21*g + 33*g. Calculate z(g).
-27
Let k be 18/4 + 1/(-2). Suppose 2*r + 10 = k*r. Let o = r - 9. Let d(u) = -u**2 - 3*u + 3. What is d(o)?
-1
Let a(t) be the second derivative of 2*t**3/3 + 17*t**2/2 - 4*t. Determine a(-5).
-3
Let n(u) = -u**3 - 2*u**2 + 2*u + 1. Let r be 10/4 - 2/(-4)*-1. Let o = -5 + r. What is n(o)?
4
Let k(x) = -2*x**2 + x + 15. Let t(q) be the first derivative of -q**3/3 + q**2/2 + 7*q + 22. Let w(b) = -2*k(b) + 5*t(b). Give w(5).
-5
Let v(s) be the third derivative of s**5/120 + 5*s**3/6 - 3*s**2. Let f(u) be the first derivative of v(u). Give f(4).
4
Let f(y) = y**2 - 6. Let c be f(4). Suppose c*h - 5*h - 60 = 0. Let v(o) = -o**3 + 13*o**2 - 12*o - 6. Give v(h).
-6
Let p(k) = k**3 + k - 1. Let u(z) be the first derivative of 3*z**4 - z**3/3 - 3*z**2 + 5*z - 19. Let g(y) = 5*p(y) + u(y). Give g(-1).
-17
Let a(c) = -61*c**2 + 2 + 22*c**2 + 23*c**2 + c + 18*c**2. Calculate a(2).
12
Let g(s) = -43*s - 11. Let x(a) = -217*a - 60. Let d(l) = -11*g(l) + 2*x(l). What is d(-1)?
-38
Let u(k) be the third derivative of 0*k + 1/3*k**3 + 1/24*k**4 - 12*k**2 + 1/60*k**5 + 0. Calculate u(3).
14
Let l(p) = -p - 2 - 4 + 16 - 2*p**2 - 9. What is l(1)?
-2
Let q(m) = m**2 - m - 1. Suppose -2*g = 3*o - 15, -5*o - 3*g + 20 = -o. Suppose -n = 2*c + 58, 0*c + 276 = -o*n - 3*c. Let i be 1/3 - 36/n. Determine q(i).
-1
Let m(j) = 5 - 10*j - 4006*j**2 - 4 + 4005*j**2. Give m(-9).
10
Let o(n) = n - 7. Suppose 0 = -0*b - 5*b + 40. Suppose 0 = -b*p + 3*p + 25. What is o(p)?
-2
Let i(q) = 7*q. Let a(b) = 8*b. Let t(h) = 6*a(h) - 7*i(h). Calculate t(-5).
5
Let c(h) be the third derivative of -h**4/12 - 4*h**3/3 + 1290*h**2 - 2*h. Suppose -15 = -z - 5*i, 2*z - i = 4*i + 15. Let f = -16 + z. What is c(f)?
4
Let v(x) = -5*x - 8 + x**2 + 0*x**2 + 17 + 15*x. What is v(-6)?
-15
Let c(j) = -j**3 - 11*j + 5*j + 21*j**2 + 24*j**2 - 37*j**2. Calculate c(6).
36
Let q(h) be the first derivative of 12 - h + 3/2*h**2 - 1/3*h**3. Determine q(2).
1
Let v be ((-12)/(-10))/(57/95). Let o = 1 + 1. Let r(x) = -3*x**3 + 2*x**o + 4*x**3 + 2*x - 2*x**3. Calculate r(v).
4
Let a(g) = g**3 + 5*g**2 + 7*g + 10. Let o = 419 + -423. What is a(o)?
-2
Let c(f) = -4*f - 140. Let n be c(-35). Let y(p) = p + 32. Determine y(n).
32
Let c(i) = -2*i + 2*i - i. Suppose 24 = 3*o + o. Let d be (-1 - -4)*6/o. What is c(d)?
-3
Let v(j) be the third derivative of -j**6/120 - j**5/20 + 5*j**4/24 + j**3/2 - j**2. Suppose 0 = -2*d - 520 + 512. Calculate v(d).
-1
Let t(y) = 2*y**3 - 4*y**2 - 2. Suppose 0 = -3*a + 11*a + 72. Let u be (76/(-57))/(4/a). What is t(u)?
16
Let r = -7 + 7. Suppose -u = -p, r = -4*u - 0*u - 2*p - 24. Let q(j) be the second derivative of -j**3/2 - j**2/2 + 6*j. Determine q(u).
11
Let j(n) = 4*n + 21. Let w = 1055 + -1065. What is j(w)?
-19
Let c(v) = 66*v**2 + 5*v + 4. Let k(p) = -13*p**2 - p - 1. Let u(l) = -2*c(l) - 11*k(l). Let s(i) = -10*i**2 - i - 2. Let j(q) = -4*s(q) - 3*u(q). Give j(1).
7
Suppose 9 = 3*q - 24. Let j = q + -14. Let z(k) = -9*k + 2. Determine z(j).
29
Let j(w) = 23*w - 2. Let c(y) = -5*y - 1. Let o(i) = -6*c(i) - j(i). What is o(5)?
43
Suppose 28 = 4*b - z, 5*z + 35 + 3 = 3*b. Let v(n) = n**3 - 5*n**2 - 8*n + 1. Give v(b).
-11
Let d(o) be the third derivative of o**4/24 - o**3/3 + 115*o**2. Determine d(2).
0
Let k(w) = 1052 - 524 - 529 - 4*w**2. Calculate k(-1).
-5
Let r(o) = -4046*o + 14 - 2*o**2 + 4046*o. Determine r(-4).
-18
Suppose -d + 2*f = -10, 18 = 4*d + 2*f + 8. Let w(v) = v**3 - 5*v**2 + 3*v - 4. Calculate w(d).
-8
Let h(p) = 4 - 2*p**2 + 20*p - p**3 - 4*p**2 + 11*p**2 - 25*p. Calculate h(4).
0
Suppose -5*q - 15 = 2*l, 0 = -3*q + 3*l + 12. Let i(x) be the third derivative of -1/24*x**4 + 1/60*x**5 - 1/6*x**3 + 0 - x**2 + 0*x - 1/30*x**6. What is i(q)?
5
Let n = 2 + 4. Let v be 16/(-2)*n/(-12). Let s(t) be the first derivative of -t**3/3 + 3*t**2/2 + 2*t + 72. What is s(v)?
-2
Suppose -7*f + 2*f = 0. Suppose 5*s + f = -5. Let p(z) be the first derivative of -2*z**4 - z**3/3 - z**2/2 - 16. Determine p(s).
8
Let w = 103 - 107. Let r(p) = p - 4. Determine r(w).
-8
Let s(f) = -f**2 - 6*f - 1. Let o(m) = 7*m + 21. Let c be o(-4). What is s(c)?
-8
Let j(l) be the second derivative of l**4/4 - l**3/2 - 3*l**2/2 - 2*l. Suppose -m = -4*b - 19, 5*m - b = 38 - 19. Calculate j(m).
15
Let n(b) = -4*b. Let l(m) = m**2 - 9*m + 12. Let x be l(11). Suppose -2*h - 5*j = -4 - 2, -3*h = -5*j - x. Let i = h + -6. Calculate n(i).
-8
Let f(o) = -11*o**2 - o - 2. Let g(h) = -14*h**2 - 3. Let c(i) = 4*f(i) - 3*g(i). Determine c(-3).
-5
Let t = 4 + -7. Let f(b) be the first derivative of b**2/2 + 4*b + 544. Calculate f(t).
1
Let l(n) = n**3 - 6*n**2 - 2*n + 7. Suppose 3*h = -2*x + 13, -2*h = -6*h + 4*x + 4. Let p = 9 - h. Let y be l(p). Let u(k) = 2*k + 7. What is u(y)?
-3
Let s(h) be the first derivative of -h**4/12 - h**3/6 + 3*h**2/2 - 11*h - 17. Let g(j) be the first derivative of s(j). Give g(-4).
-9
Let w(m) = -2*m. Suppose 3*z + 17 = 14. Calculate w(z).
2
Suppose 4*r - 90 = 6*r + 8*r. Let v(o) be the second derivative of o**3/6 + 2*o**2 - o. What is v(r)?
-5
Suppose 0*i = 5*i + 4*m - 16, -3*i = -5*m - 17. Let x(b) = 2 + 0*b + 4 - 3*b. Determine x(i).
-6
Suppose i + 28 = -3*i. Let g = 16 + i. Suppose n + 10 = g. Let y(u) = 8*u**2 + 1. Determine y(n).
9
Let u = -7 - -19. Suppose 0 = -5*n - 8 - u. Let j(w) = -w**3 - 5*w**2 - 5*w - 4. Calculate j(n).
0
Let l = 36 + -17. Suppose -q + 1 = -v, 4*v + 5*q - l = 2*v. Let o(g) = 5*g**3 + 3*g - 5. Let i(t) = -t**3 - t + 1. Let k(c) =